2*f - 2. Let r be q(-5). Let b = r + 2881. Is b a prime number?
True
Let v(m) = m**2 + 785. Let q(z) = z**2 - 3*z + 2. Let h be q(2). Is v(h) prime?
False
Let n(t) = 92*t**3 + t**2 - t + 1. Suppose -m = -4 + 3. Is n(m) composite?
True
Suppose -4*m = 3*w + 10754 - 907, 2473 = -m + 3*w. Let x = -1385 - m. Is x a composite number?
True
Let i = -16 + 28. Suppose i + 0 = 2*g. Is 3153/12 + g/24 a composite number?
False
Is -1043*(9 - 32) - 24/4 a prime number?
False
Suppose -5*j - 3*u = -4*j - 19, 3*j + 2*u = 22. Is 2954/4 + (-6)/j composite?
True
Suppose -847 = -8*b - 5559. Let v = b + 1638. Is v prime?
True
Suppose -9*r + 4*r + 65 = 0. Let a = r - -78. Is a composite?
True
Suppose -2*p + 8476 = -4*t, 2*t = p - t - 4240. Suppose -28*u - p = -30*u. Is u prime?
False
Let g(k) = k**3 + 34*k**2 - 107*k + 5. Is g(-29) a prime number?
False
Suppose 4 + 1 = -w. Let g(s) = 7*s**2 - 2*s + 6. Is g(w) a composite number?
False
Let q = -12 - -49. Suppose 4*g - g + q = o, -97 = -3*o - 5*g. Let u = 12 + o. Is u composite?
True
Let f = -7 - -10. Let p(j) = 4*j - f - 6*j + 0. Is p(-7) prime?
True
Suppose 4*s - 3*u - 27063 - 35422 = 0, 5*s + 5*u - 78080 = 0. Is s composite?
False
Suppose 1060 = 5*d - 5*k, -2*k = 3*d - 3*k - 640. Suppose 3*r + 15 = 0, 3*x + d + 509 = 3*r. Let s = 283 - x. Is s a prime number?
False
Suppose 0 = 41*k - 277453 - 259360. Is k prime?
True
Let o(n) = -37*n**2 + 70*n**2 - 26*n**2 - 5*n + 2. Suppose 0 = -2*m + 3 - 11. Is o(m) prime?
False
Let u(q) be the first derivative of -37*q**5/120 - 7*q**4/6 - 5*q**3/3 + 5. Let x(h) be the third derivative of u(h). Is x(-15) composite?
True
Let y(t) = -t**2 - 7*t + 14. Let u be y(-7). Let d(j) = 3*j**2 - 47. Is d(u) composite?
False
Let u(l) = -l**3 + 7*l**2 - 5*l - 2. Let j be u(6). Suppose -p = -j, -2*s + 5*p + 436 = -288. Suppose s = 4*w - 224. Is w a prime number?
True
Let s = 43 + -39. Suppose -2*n = 5*p - 8779, -s*p - 8*n + 3*n = -7013. Is p prime?
False
Let m be (0 + -1 - 0) + 3. Is m/(-6) - (-292656)/63 prime?
False
Is 10/(-4)*-163941*20/150 a prime number?
True
Let o(x) = -x**3 - 8*x**2 + 11*x + 9. Suppose i = 2*g + 8 + 2, -2*g = -2*i + 6. Let s be o(g). Let t = s + 199. Is t a composite number?
True
Let z = -105642 + 156783. Is z a prime number?
False
Suppose -q + 18 = 8*q. Suppose 0 = 3*f + 4*b - 55, -2*f + 7*f = q*b + 57. Is f a composite number?
False
Let t be 5/((-367)/122 + 3). Let q = t + 867. Is q composite?
False
Let u = 37 - -286. Is u a composite number?
True
Let f(h) = -36*h + 7. Let g = 53 + -35. Suppose 0 = -16*l + 13*l - g. Is f(l) a prime number?
True
Let c(i) = -i + 8. Let u be c(6). Suppose -3*g + 4*g + u*p = 551, -2225 = -4*g - p. Is g a prime number?
True
Suppose -17*t = -12*t - 2*r - 436053, -t = -5*r - 87206. Is t a prime number?
True
Suppose 20*z - 14*z = 108774. Is z a prime number?
False
Let v = -260 - -411. Suppose v = -2*f + 3*f - 3*h, 2*f + 2*h = 334. Is f a prime number?
True
Suppose -26*g + 34681 = -1846081. Is g a prime number?
True
Suppose 16*c - 39948 - 30308 = 0. Is c a composite number?
False
Suppose -4*h + 3*u = -27, 5*h - 20 = 4*u + 15. Suppose -5*m - x + 281 = -68, 0 = -h*x + 12. Is m a composite number?
True
Let z(o) = 186*o**2 - 6*o + 1. Is z(-10) composite?
False
Let x be -1 - -50*(3 - 2). Suppose -2*i = -x - 43. Is i composite?
True
Let t be 2*((-18356)/(-8) - 3). Let s = -1219 + t. Is s/8 + 9/(-6) a prime number?
True
Suppose p = -3*p + 8. Is 15/(-5) - (-71*p)/1 a composite number?
False
Let u be 60/24*(-6)/(-5). Suppose d + u*x = 555, 0 = 3*d - 6*d - 2*x + 1637. Is d a composite number?
True
Let i(k) = -21*k + 8. Let v(j) = -j**3 + 12*j**2 - 11*j - 5. Let q be v(11). Is i(q) composite?
False
Suppose 11646 = -2*j + 34640. Is j a prime number?
True
Suppose 0 = -3*o - 4 - 50. Is ((-474)/(-8))/(o/(-24)) a prime number?
True
Let r(f) = -16*f - 1. Let q be r(-1). Suppose 1124 = -14*u + 3672. Let g = u - q. Is g a prime number?
True
Is (-28)/2 + 7 + (-24002)/(-1) prime?
False
Is 40235 - (0 + -5) - -9 composite?
True
Let c(r) = 15*r + 16. Let g be c(5). Let p = 626 - g. Is p prime?
False
Let r = 156 + -160. Let o be 381/4*1*8. Is (o/12)/((-2)/r) prime?
True
Suppose 1150 = 24*c - 1706. Is c a prime number?
False
Let d(y) be the third derivative of 1/6*y**4 - 5/6*y**3 + 1/24*y**6 + 0*y + 0 + 3*y**2 - 1/12*y**5. Is d(4) composite?
False
Let n = 0 + 0. Suppose n = 3*s - 0*s - 42. Is (s/6 + -2)*231 prime?
False
Let y = -18 + 16. Let h be (y - (-10)/4)*-38. Let f = h - -33. Is f prime?
False
Let c(k) = 3 + 28*k**2 - 2*k**2 + k + 2*k - k. Is c(-2) a composite number?
False
Let v(w) = 249*w**2 + 88*w + 14. Is v(-15) composite?
True
Let o be (-1 - -2)*(7 - 4). Let u(d) = 7*d - 60 + 2*d + 65 - 32*d**o - d**2 - d**2. Is u(-4) composite?
True
Suppose 5*i = -3*o + 418, 4*o - 5*i - 499 = -0*o. Suppose -8*l - o = -24123. Is l composite?
False
Suppose -12*f - 24005 = -221729. Is f composite?
False
Let f be (-1 + 2/6)/(10/(-15915)). Suppose -7*t + 6*t = -f. Is t prime?
True
Let p(c) = -26*c**3 - 5*c**2 - 5*c - 13. Is p(-5) a composite number?
False
Suppose 2*r - 788 = 3578. Is r a prime number?
False
Let j = -43202 - -88141. Is j composite?
False
Let l be 2/(-7) + 3140/14. Let o be (-2)/(-6)*0 + (2 - 0). Suppose 30 + l = o*h. Is h a composite number?
False
Suppose 5*p = -5 - 5, 0 = -4*a + 2*p - 9704. Let o = -1385 - a. Is o a composite number?
True
Let t = -120 + 588. Suppose 3*r - 2*j + t = r, 935 = -4*r + 3*j. Let a = -151 - r. Is a composite?
True
Suppose 0 = 2*y - 7 + 3. Let a(f) = f**2 - 2*f + 3. Let c be a(y). Suppose 23 = -c*z + 134. Is z composite?
False
Suppose 0 = -22*s + 39*s - 892823. Is s a prime number?
False
Suppose 2*s - 5064 = -750. Is s composite?
True
Let q(x) = -2*x. Let l be q(-4). Let w be (l/(-14))/(2/(-7)). Suppose a + 260 = 3*a - w*o, -4*a + 3*o = -517. Is a prime?
True
Let r(h) = -9*h - 9. Let k be 4/22 - 3700/(-220). Let l be r(k). Let y = l + 321. Is y composite?
True
Let p = -10277 + 71278. Is p a prime number?
True
Let i = -9 + 9. Suppose 605 = 5*q - i*q. Suppose q + 353 = 3*y. Is y a prime number?
False
Let b = -65 + 300. Is b composite?
True
Let g = 194 - -60. Is g a prime number?
False
Let s(d) = 1322*d + 415. Is s(47) a composite number?
False
Let o = 4441 - -7041. Is o a composite number?
True
Suppose 0 = m + 5*k + 169, 0*m + 4*k = 3*m + 507. Let f = m - -474. Is f a prime number?
False
Let n(d) = -5*d**3 - 5*d**2 + 2*d + 5. Let a(i) = 2*i**3 + 2*i**2 - i - 3. Let w(x) = 7*a(x) + 3*n(x). Is w(-7) a composite number?
True
Let u = 2477 + 1966. Is u prime?
False
Let g be (1/(-2)*0)/(-1). Is (-1 - g)*(2 + -21) a prime number?
True
Suppose 0 = 5*i + 3*f - 23593, -5*i + 2*f = 4*f - 23597. Is i prime?
True
Let z = -23 + 21. Let w be (1 + z + 0)*-84. Suppose -4*k + 2*m + 85 = -3*k, w = k - m. Is k a prime number?
True
Suppose -9*o + 34579 = -5426. Suppose -5*m = -5*w - o, -3*w + 1196 = 5*m - 3233. Is m a composite number?
False
Let r = -31 - -45. Let v(u) = -u**3 + 14*u**2 + 30*u - 11. Is v(r) a composite number?
False
Let k = -910 - -2685. Let a = k + -1146. Is a prime?
False
Let t(m) = -m**2 + 46. Let g be t(7). Let s(a) = 2*a - 2. Let l(z) = -z**2 + 3*z - 1. Let o(k) = -2*l(k) + 3*s(k). Is o(g) a prime number?
False
Let d = -97 + 168. Suppose 5*g = -4*n + 5*n - 74, 0 = -n + 2*g + d. Is n a composite number?
True
Suppose 0 = 2*w + z - 3 - 1, 0 = -4*z. Suppose 2*o = -5*n + 1799, -w*o + n = -6*o + 3625. Is o composite?
False
Is (-6)/(-4)*(-5)/((-135)/539046) composite?
False
Suppose 4*x = j - 2675, 11*j - 13350 = 6*j - 5*x. Is j a composite number?
False
Suppose -2459*g + 2457*g + 328690 = 0. Is g a prime number?
False
Let f(v) = 510*v**3 - v + 2. Let u be f(1). Suppose -2*h + u = 2233. Let l = h + 1223. Is l a prime number?
False
Suppose -3*i = -4*w + w + 54, 0 = 3*w + 2*i - 39. Suppose b = 6*b + 3*f - 64, -w = -5*f. Is b prime?
True
Suppose 0 = 3*z - 3*q + 39, 0*z = -2*z + 5*q - 14. Let t = z - 16. Let j = t - -64. Is j composite?
False
Suppose -2*c = 5*j + 27, c = 2*j - 14 + 5. Let b = 2 - c. Is b prime?
True
Suppose -19*w = -161237 + 17692. Is w composite?
True
Suppose 6*g = 5*g + 2. Let a(v) = 16*v**2 + 1 + 2*v + 3*v**g + 8*v**2 - 6. Is a(-4) a composite number?
False
Let b = 25 + -37. Is (-7)/(-5) + b/30 + 266 a composite number?
True
S